*2 + 13*p - 17*p**2 + 8*p**2 - 2. Give z(4).
2
Let d(y) be the third derivative of y**4/24 + y**3/2 + 2*y**2. Suppose 0 = j + 2*b + 2, -3*b + 8 = 2*j - 2*b. Calculate d(j).
9
Let h(d) = d**2 - 25*d + 19. Let v(w) = -2*w**2 + 29*w - 20. Let y(n) = 3*h(n) + 2*v(n). Determine y(-18).
-1
Let w(j) = -13*j**2 - 8*j + 7. Let h(b) = 12*b**2 + 7*b - 6. Let u(t) = -6*h(t) - 5*w(t). Suppose 25 = 21*z + 4. Determine u(z).
-8
Let n be -3*(3 - 2)*-4. Let o(k) = k**2 - 9*k - 42. Determine o(n).
-6
Let o be (-14)/21 + 32/(-6). Let j(d) be the first derivative of d**3/3 + 4*d**2 - 2*d + 62. What is j(o)?
-14
Let l(s) = 76 - 82 + 4*s + 2*s**2 + 0*s - s**3. Calculate l(3).
-3
Let m(c) be the first derivative of 1 - 1/20*c**5 + 0*c**4 - 2*c**2 + 1/3*c**3 + 1/120*c**6 + 0*c. Let p(j) be the second derivative of m(j). Calculate p(3).
2
Let o(f) = 9*f - 4. Let x(q) = 4*q - 2. Let y(h) = 3*o(h) - 7*x(h). Calculate y(-5).
7
Let d(s) = 9*s + 1. Let c(p) = p + 27. Let u be c(-19). Suppose -j = -u*j - 7. Give d(j).
-8
Let c = -252 - -257. Let q(b) = 3*b - 9. Determine q(c).
6
Let t(g) = 4*g**2 + 0 + 2*g**2 + 1 - 5*g**2. Suppose -m + 12 = 3*k, 4*k = -0*m + m + 23. Give t(m).
10
Let t(w) = -3*w + 3. Let f(g) = -10*g**2 + 3*g + 1. Let u be f(-1). Let v = u - -17. Calculate t(v).
-12
Let s(g) = g - 6. Suppose 3*k - 8 = -k. Suppose 3 - 13 = -2*y. Suppose -4*p = k*d - 3*p - 5, d = -y*p + 25. Calculate s(d).
-6
Let j(n) = -n**3 - 21. Let h(k) = -k**2 - 2*k - 4. Let v(q) = 4*h(q) - j(q). Suppose 3*w - 6 = -2*a + 5, -14 = -4*w - 3*a. Give v(w).
-10
Let p(z) be the second derivative of z**5/60 + 3*z**4/8 + 41*z**3/6 + 19*z. Let s(q) be the second derivative of p(q). Determine s(-9).
-9
Let z(w) = 4*w + 4. Suppose -420 = -6*c - 4*c. Suppose -c + 46 = -b. Determine z(b).
-12
Let o(m) = -2*m + 6. Let z(i) = -5*i + 18. Let g(u) = -8*o(u) + 3*z(u). What is g(-7)?
-1
Let t be (-12)/(-2) - 4/(-4). Let i = -4 + t. Let z(f) = -3*f**2 - 3*f - 2*f**3 - 5*f**i + 8*f**3 + 3. Determine z(4).
7
Let h(p) = -5 - p + 535602*p**2 + 14 - 535601*p**2. Suppose -14 = l - 0*v + 4*v, -5*l + v + 14 = 0. Suppose l*f + f = 0. What is h(f)?
9
Suppose 0 = 2*g - 0 + 4. Let x(c) be the third derivative of c**5/60 + c**4/12 + c**3/3 + 83*c**2. Determine x(g).
2
Suppose 3*s + 84 = -4*o, 3*s + 8*o = 3*o - 81. Let v = 27 + s. Let x(u) = u - 11. Let c(i) = 3*i - 32. Let a(j) = -4*c(j) + 11*x(j). Calculate a(v).
12
Suppose -3*c = 5*l - 10*l - 26, -l - 4 = 0. Let v(n) = 7*n + 4 - 2 + n**2 - 2*n - 2*n**c. Let b(p) = -p. Let j(r) = -5*b(r) - v(r). What is j(-3)?
7
Let v(x) be the first derivative of -x**4/4 + 2*x**3 - 3*x**2 - x - 177. What is v(5)?
-6
Let l(i) = i**2 - i + 2. Let h(v) = -v**2 - 1. Let o(s) = 6*h(s) + 5*l(s). Suppose -3*g = -u + 3*u - 77, 4*u - 129 = -5*g. Suppose g = 4*x - 9*x. Give o(x).
4
Let m(t) be the first derivative of t**5/120 - t**4/24 - 2*t**3 + 3*t**2/2 - 18. Let n(z) be the third derivative of m(z). Calculate n(-9).
-10
Let b = -62 - -45. Let t = 23 + b. Let v(h) = -h**3 + 7*h**2 - 9*h + 3. Give v(t).
-15
Let y = -392 + 400. Let n(q) = -2*q + 6. Calculate n(y).
-10
Let j(t) be the first derivative of 0*t + 13 + 1/2*t**2. Determine j(-2).
-2
Let t(y) be the second derivative of y**3/2 + y**2 + 17*y - 2. Calculate t(-3).
-7
Let u(v) = 3*v**2 - 9*v - 10. Let h(p) be the third derivative of p**5/60 - p**4/24 - p**3/6 - 34*p**2. Let d(f) = 2*h(f) - u(f). Give d(6).
14
Let y(g) = g**2 + 2*g + 2. Let w be (81/(-12))/3*(-28)/21. Calculate y(w).
17
Let y(p) = -4*p - 26. Let i be 0 - (10 + (-12)/6). Calculate y(i).
6
Let b = 36 + -26. Let f = -6 + b. Let d(k) = f - 3 - k**2 + 3*k + k. What is d(5)?
-4
Suppose 1 + 1 = y. Let r(n) = 4*n**2 - 1 - 11*n**3 + 2*n**y - 4*n**2. Give r(1).
-10
Let x(s) = -4*s - 3. Suppose -45*j - 42 = -3*j. Determine x(j).
1
Let q(d) = d + 4. Let v be 6*(3 + (-24)/9). Suppose -4*w - 4*f = -24, -w = -4*w + v*f + 28. Suppose 2*c + 20 - w = -5*n, c - 4*n + 6 = 0. Calculate q(c).
-2
Let n(s) = -79*s + 155*s - 80*s - 2*s**2 - 4. Determine n(-4).
-20
Let w(b) = 24*b**3 + 2*b + 1. Suppose -4*n + 4 = 4*a - 2*n, -3*a = -2*n - 10. Suppose a*j = j - 1. Determine w(j).
-25
Let o(x) = -2*x - x**2 + 6*x + 0 + 4 - x - 2. Determine o(4).
-2
Suppose -4*q = -i + 8, 5*q - 3*q + 4 = 0. Let s be 2/5 - (-9)/15. Let t(n) = -n**3 + 2*n**2 - 5*n**2 + 6 - n + 4*n**2 - s. Give t(i).
5
Let f = 11251/156 - 930/13. Let j(n) be the second derivative of 1/6*n**3 + 0 - 9/2*n**2 + 1/20*n**5 - f*n**4 + 7*n. What is j(7)?
-2
Suppose 16 = 7*o + 9*o. Let j(b) = -4*b**3 - b**2 + 1. Determine j(o).
-4
Suppose 5*l = -2*u + 6*l + 10, -5*u = 5*l - 10. Let k(q) = 2*q**2 - 5*q. Determine k(u).
12
Let x(d) = -2*d**2 + 2*d + 1. Let w(k) = 10*k**2 - 4*k + 3. Let y(z) = -w(z) - 4*x(z). Give y(-3).
-13
Let z(i) be the third derivative of 1/6*i**3 - 2*i**2 + 0*i + 0 + 1/24*i**4. What is z(-2)?
-1
Let f(y) = -y**2 + 11*y + 14. Let b be f(12). Let a(u) = u**3 - 5*u**2 + 5*u. Give a(b).
-2
Let x(n) = -n - 2. Let a be x(-4). Let y(j) be the third derivative of -j**6/40 + j**5/60 + j**3/3 + 19*j**2. What is y(a)?
-18
Let v be 3 + 5/((-20)/8). Let r(s) = -61*s**2 + s - v - 64*s**2 + 126*s**2. What is r(0)?
-1
Let q = 445 - 436. Let s(j) be the first derivative of j**4/4 - 3*j**3 + 7*j + 4. Calculate s(q).
7
Let o(b) = -39*b + 12. Let v(m) = -35*m + 10. Let u(k) = -5*o(k) + 6*v(k). Calculate u(2).
-30
Let l(g) be the second derivative of g**4/12 - 2*g**3 - g**2/2 - 8*g + 4. What is l(13)?
12
Let d(v) = 2*v**2 - 64*v + 56. Let m be d(31). Let y(x) = x**3 + 6*x**2 + 2*x + 9. Calculate y(m).
-3
Let k(c) = 5*c - 4 + 4*c + 4*c - 7*c. Let n(z) = -z + 1. Suppose 3*p - 9 = 2*l, 0 = l - p + 6*p - 2. Let w(h) = l*n(h) - k(h). Calculate w(2).
-5
Suppose 13*f + 36 = f. Let a(o) = 2*o**2 + 0*o**2 + o**3 + 4 + 0. Calculate a(f).
-5
Let b = 100 + -96. Let q(j) = 13*j**2 - 8*j - 1. Let s(w) = 7*w**2 - 4*w - 1. Let p(z) = -6*q(z) + 11*s(z). Calculate p(b).
-5
Let o(k) = -4*k + 2. Let b be o(2). Suppose 3*v - 111 = -6*t + 2*t, -2*t - 5*v + 73 = 0. Let l(h) = -6 - 1 - t*h + 25*h + 0. Calculate l(b).
-13
Suppose 4*m + 5*d = 36, 18 = 5*m - 3*m + 5*d. Let g(u) = u - m*u**2 + u**3 + 1 - 5*u**2 + 13*u**2. Give g(-1).
-2
Let p(w) = -13*w**3 - 12*w**3 - 12*w**3 + 1 - 3*w + 2*w**2 + 36*w**3. What is p(2)?
-5
Suppose 118*u = 123*u + 50. Let a(b) = -b**3 - 9*b**2 + 12*b + 17. Determine a(u).
-3
Suppose -27*k = -36*k + 18. Let j(h) = 4*h**3 - 2*h**2 + 3*h - 3. What is j(k)?
27
Let w be (-11 + (10 - -1))/(-1 + 0). Let n(u) = -u - 10. What is n(w)?
-10
Let y(t) be the third derivative of t**6/120 - 7*t**5/60 + 7*t**4/24 - t**3/3 + 724*t**2. What is y(5)?
-17
Let s(a) = a**2 - a - 4*a**2 + 5*a**2 + a**2 + 3 + a**3 - 4. Determine s(-3).
2
Let d(h) = -h**3 + 8*h**2 + 8*h + 6. Suppose -3*k - 5*b = -79, -2*b = 3*k + 33 - 124. Let o = 42 - k. Calculate d(o).
-3
Let a(i) = 9*i**3 - 8*i**2 - i - 1. Let d(z) = 8*z**3 - 7*z**2 - z - 1. Let s(t) = 6*a(t) - 7*d(t). Let o = 59 + -60. Determine s(o).
3
Let w(x) be the third derivative of -x**8/6720 - x**7/504 + x**6/720 + x**5/40 - 13*x**4/12 + 6*x**2. Let g(o) be the second derivative of w(o). What is g(-5)?
-2
Suppose -5*r + 45 = 5*z, 27 = 3*r - 2*z - 10. Let s(u) = -u**2 + 8*u + 26. Determine s(r).
-7
Suppose 0 = -i + 2*s + 9, 2*s - 47 = -4*i - s. Suppose 3*q = 4*q - 7. Let z(y) = i - q + y + 2. What is z(-8)?
-2
Let w(x) = 4*x + 8. Let j(b) = b. Suppose 0*t - t + 1 = 0. Suppose a + 8 = -3*s, -5*s = -4*a + 5 + 14. Let u(g) = s*j(g) + t*w(g). Give u(-6).
2
Let o = 98 - 66. Suppose 2*d - 5*p = -o, 5*d = 4*d + 4*p - 22. Let h(u) be the second derivative of u**4/12 + 2*u**3/3 + 5*u**2/2 + u. What is h(d)?
17
Suppose -4*q + 7*q - 5*r - 25 = 0, -5*q + 4*r + 33 = 0. Let z(m) = 2*m**3 + 7*m - m**3 - m**2 - 5*m**2. Calculate z(q).
10
Let o = -18 + 26. Suppose o*q - 23 = -55. Let h(y) = -y**2 - 3*y + 2. Calculate h(q).
-2
Let t(g) = -3*g - 5*g + g**2 + 2 + 3*g + 2*g. Let w be t(2). Let d(s) = 2*s + w - 2 + 0. What is d(3)?
4
Suppose i - 45 = -41. Let a(o) = 11*o**3 - 9*o**2 + 10*o - 12. Let q(y) = 5*y**3 - 4*y**2 + 5*y - 6. Let p(z) = -6*a(z) + 13*q(z). What is p(i)?
-18
Suppose -3*g - 1 = 5, -9 = n + g. Let t(v) = v**2 - 2*v - 6. Let k be t(5). Let u(d) = -3 + d**3 + k - 2*d**2 - 8*d**2 + 7*d + 18*d**2. Give u(n).
6
Let p(x) = 0*